?
True
Is 5 a factor of 23017326?
False
Is 2529 a factor of 29495727?
True
Does 546 divide 1212120?
True
Does 311 divide 60225165?
False
Is 1465364754 a multiple of 10?
False
Is 254 a factor of 4502280833?
False
Is 314 a factor of 101568181?
False
Is 521 a factor of 93439204?
False
Does 170 divide 635815810?
True
Is 982242706 a multiple of 1566?
False
Is 3 a factor of 12406163?
False
Is 91426056 a multiple of 598?
False
Is 51947285 a multiple of 2119?
True
Is 1413 a factor of 100025217?
False
Does 99 divide 163253178?
True
Is 757 a factor of 42540679?
False
Is 32 a factor of 14594717?
False
Is 6 a factor of 716600332?
False
Does 362 divide 451653022?
False
Does 1602 divide 22290228?
True
Is 35262550 a multiple of 1465?
True
Does 40 divide 1065891731?
False
Does 104 divide 92002768?
True
Is 4041 a factor of 188270190?
True
Is 112539096 a multiple of 201?
True
Does 30 divide 970033590?
True
Does 21 divide 200457635?
False
Does 53 divide 1686224582?
False
Does 51 divide 18624728?
False
Is 14690897 a multiple of 24?
False
Is 21156688 a multiple of 28?
True
Does 370 divide 2424980?
True
Does 24 divide 1119711576?
True
Is 179435036 a multiple of 22?
True
Is 2119969722 a multiple of 832?
False
Does 25 divide 1864600975?
True
Is 1577 a factor of 1992563305?
False
Does 90 divide 57449153?
False
Is 92 a factor of 11984748?
True
Is 40976802 a multiple of 1374?
True
Is 23 a factor of 2407251007?
False
Is 94 a factor of 53004438?
True
Does 4 divide 531447117?
False
Does 475 divide 23466965?
False
Is 22 a factor of 2464726451?
False
Does 195 divide 23778101?
False
Does 431 divide 127186376?
True
Does 111 divide 3057384?
True
Does 242 divide 643478?
True
Is 43 a factor of 273708975?
True
Is 47267680 a multiple of 232?
True
Does 1244 divide 457977437?
False
Is 62584595 a multiple of 131?
True
Does 460 divide 262061080?
True
Does 4 divide 7774172?
True
Is 13070638 a multiple of 566?
True
Is 2779 a factor of 15591572?
False
Is 9693285 a multiple of 29?
False
Does 8945 divide 1840793714?
False
Is 5002625726 a multiple of 1295?
False
Is 11745540 a multiple of 10?
True
Is 9534042 a multiple of 43?
False
Does 681 divide 99272775?
True
Is 277 a factor of 190822180?
False
Is 13 a factor of 349584664?
True
Does 52 divide 43511676?
True
Does 507 divide 11436399?
True
Is 415871875 a multiple of 924?
False
Is 268 a factor of 59391963?
False
Is 107134565 a multiple of 3?
False
Is 1616736 a multiple of 24?
True
Is 802 a factor of 22113599?
False
Does 5261 divide 75079731?
True
Is 2714844370 a multiple of 1159?
False
Is 381564511 a multiple of 416?
False
Is 2240489403 a multiple of 41?
True
Is 189 a factor of 3828573?
True
Is 14 a factor of 1066502583?
False
Is 164952552 a multiple of 584?
True
Is 357356098 a multiple of 193?
True
Is 723975884 a multiple of 56?
False
Is 55707376 a multiple of 1138?
True
Is 84 a factor of 25564406?
False
Does 320 divide 620468480?
True
Is 5 a factor of 1729764?
False
Is 70597920 a multiple of 3262?
False
Is 2331471921 a multiple of 3641?
False
Does 3662 divide 347922655?
False
Is 40110559 a multiple of 1643?
True
Is 2248 a factor of 80278755?
False
Is 16 a factor of 79313533?
False
Is 8278454535 a multiple of 195?
True
Does 128 divide 47000448?
True
Does 2 divide 309591673?
False
Is 11 a factor of 18743494?
True
Is 344189846 a multiple of 71?
False
Is 395 a factor of 1263249056?
False
Does 556 divide 4022251896?
True
Does 197 divide 863736059?
True
Is 17 a factor of 29461821?
False
Does 2068 divide 20528351?
False
Does 133 divide 173729006?
False
Is 294 a factor of 259676908?
False
Does 954 divide 667148418?
True
Is 1182 a factor of 126213960?
True
Is 2791 a factor of 172718274?
False
Does 13 divide 361877113?
True
Is 24 a factor of 1185067464?
True
Does 177 divide 68387356?
False
Is 188217850 a multiple of 78?
False
Is 24236076 a multiple of 460?
False
Is 1320349040 a multiple of 10?
True
Does 109 divide 19133035?
False
Is 53488865 a multiple of 185?
True
Does 998 divide 157839688?
True
Does 5 divide 128470960?
True
Does 93 divide 726662379?
False
Does 313 divide 51256635?
False
Does 1594 divide 9661374?
False
Does 42 divide 108294246?
False
Is 468 a factor of 285096797?
False
Is 166879177 a multiple of 262?
False
Does 14 divide 24978300?
False
Is 1963 a factor of 992653766?
True
Is 27176434 a multiple of 615?
False
Is 344 a factor of 61103971?
False
Is 49 a factor of 2808307985?
False
Is 1759 a factor of 27865255?
False
Is 68319132 a multiple of 4?
True
Does 9 divide 2478369161?
False
Is 8873881 a multiple of 72?
False
Is 36 a factor of 322021882?
False
Is 79 a factor of 720264203?
False
Does 132 divide 323101284?
True
Is 6 a factor of 829620570?
True
Is 8 a factor of 30063880?
True
Is 15 a factor of 296286114?
False
Is 16 a factor of 263248704?
True
Is 78630353 a multiple of 713?
True
Is 2898182144 a multiple of 416?
True
Is 165 a factor of 78501179?
False
Is 603379903 a multiple of 287?
True
Is 161 a factor of 119066423?
True
Does 3 divide 4280742?
True
Does 1070 divide 5983697870?
True
Is 3532 a factor of 616202300?
False
Is 147497851 a multiple of 724?
False
Is 34 a factor of 50360392?
True
Is 337 a factor of 154402496?
False
Is 201962904 a multiple of 88?
True
Is 429 a factor of 52045422?
True
Is 780655374 a multiple of 621?
True
Is 31 a factor of 408355033?
True
Is 67 a factor of 399143321?
True
Does 3035 divide 74154155?
True
Is 1172 a factor of 370081268?
True
Is 41922023 a multiple of 11?
True
Does 634 divide 211904200?
False
Is 124 a factor of 99744612?
False
Does 28 divide 68645929?
False
Is 245526303 a multiple of 11?
True
Is 5570084 a multiple of 52?
True
Is 45 a factor of 325615659?
False
Is 21 a factor of 27804861?
True
Is 391 a factor of 29816096?
True
Is 1317319330 a multiple of 547?
False
Does 2674 divide 6831882?
False
Is 47157145 a multiple of 57?
False
Is 1743764406 a multiple of 19?
True
Does 97 divide 2498817?
True
Is 42051778 a multiple of 1825?
False
Is 56161416 a multiple of 38?
True
Does 30 divide 42519570?
True
Is 298471254 a multiple of 139?
False
Is 1158910168 a multiple of 12?
False
Does 222 divide 76802518?
False
Does 1471 divide 578154485?
True
Does 26 divide 527114249?
False
Does 41 divide 1142322206?
False
Does 114 divide 852939072?
False
Is 249 a factor of 17365011?
True
Is 5776 a factor of 1561917040?
True
Is 65 a factor of 720139497?
False
Does 3 divide 40019016?
True
Is 472345192 a multiple of 11?
True
Does 16 divide 131016035?
False
Does 3 divide 71746488?
True
Does 11 divide 16335475?
False
Does 45 divide 98680155?
False
Is 271486641 a multiple of 23?
True
Is 113 a factor of 505706753?
True
Is 347981070 a multiple of 1374?
False
Does 30 divide 450362?
False
Is 23 a factor of 248344087?
True
Is 4482 a factor of 218242026?
True
Does 57 divide 27959222?
False
Is 150 a factor of 35870090?
False
Does 211 divide 6359962?
True
Does 27 divide 62859761?
False
Is 301609374 a multiple of 330?
False
Is 18 a factor of 299096713?
False
Does 31 divide 157443901?
False
Is 8576523 a multiple of 27?
True
Does 323 divide 27833035?
False
Is 2 a factor of 92351169?
False
Is 10 a factor of 15635210?
True
Is 1367 a factor of 8453775?
False
Does 47 divide 508142156?
False
Is 1366938187 a multiple of 20?
False
Is 717 a factor of 2379484402?
False
Is 598 a factor of 651522087?
False
Is 60 a factor of 27658380?
True
Is 521 a factor of 6677657?
True
Is 33912264 a multiple of 249?
False
Does 944 divide 103002672?
True
Is 125422930 a multiple of 16?
False
Is 129 a factor of 90010524?
True
Is 45496999 a multiple of 15?
False
Does 1208 divide 85962589?
False
Is 274 a factor of 29620585?
False
Does 911 divide 344904750?
False
Is 145 a factor of 1051685?
True
Is 2582 a factor of 6501055134?
True
Does 58 divide 1515887942?
True
Does 80 divide 261484811?
False
Does 408 divide 95348784?
True
Is 15663360 a multiple of 128?
True
Is 83 a factor of 172175244?
False
Is 2524551 a multiple of 3?
True
Is 154 a factor of 15539948?
False
Is 3627 a factor of 157150229?
False
Does 2 divide 5185591?
False
Is 42 a factor of 2722650816?
False
Is 170 a factor of 38586770?
True
Does 11 divide 31718667?
False
Does 28 divide 10260096?
True
Does 8 divide 257288?
True
Does 273 divide 872660478?
False
Is 130790144 a multiple of 1832?
True
Is 3006875 a 